{"id":9508,"date":"2023-12-26T16:01:57","date_gmt":"2023-12-26T16:01:57","guid":{"rendered":"https:\/\/radiotaxicartagena.es\/?page_id=9508"},"modified":"2023-12-26T16:03:53","modified_gmt":"2023-12-26T16:03:53","slug":"accesibilidad","status":"publish","type":"page","link":"https:\/\/radiotaxicartagena.es\/de\/barrierefreiheit-2\/","title":{"rendered":"Barrierefreiheit"},"content":{"rendered":"<div data-elementor-type=\"wp-page\" data-elementor-id=\"9508\" class=\"elementor elementor-9508\" data-elementor-post-type=\"page\">\n\t\t\t\t\t\t<section class=\"wd-negative-gap elementor-section elementor-top-section elementor-element elementor-element-741b270 wd-section-stretch elementor-section-boxed elementor-section-height-default elementor-section-height-default\" data-id=\"741b270\" data-element_type=\"section\" data-e-type=\"section\">\n\t\t\t\t\t\t<div class=\"elementor-container elementor-column-gap-default\">\n\t\t\t\t\t<div class=\"elementor-column elementor-col-100 elementor-top-column elementor-element elementor-element-f0a2ffd\" data-id=\"f0a2ffd\" data-element_type=\"column\" data-e-type=\"column\">\n\t\t\t<div class=\"elementor-widget-wrap elementor-element-populated\">\n\t\t\t\t\t\t<div class=\"elementor-element elementor-element-eb94436 color-scheme-inherit text-left elementor-widget elementor-widget-text-editor\" data-id=\"eb94436\" data-element_type=\"widget\" data-e-type=\"widget\" data-widget_type=\"text-editor.default\">\n\t\t\t\t<div class=\"elementor-widget-container\">\n\t\t\t\t\t\t\t\t\t<h1 class=\"h1_title_underlined\">BARRIEREFREIHEIT<\/h1><p>Red. ist eine \u00f6ffentliche Wirtschaftseinheit des Ministeriums f\u00fcr Wirtschaft und digitale Transformation, die dem Staatssekret\u00e4r f\u00fcr Digitalisierung und k\u00fcnstliche Intelligenz untersteht, und hat sich verpflichtet, ihre Website gem\u00e4\u00df den Bestimmungen zug\u00e4nglich zu machen\u00a0<a class=\"ext\" href=\"https:\/\/www.boe.es\/diario_boe\/txt.php?id=BOE-A-2018-12699\" rel=\"noopener noreferrer\" data-extlink=\"\">K\u00f6niglicher Erlass 1112\/2018 vom 7. September \u00fcber die Zug\u00e4nglichkeit von Websites und Anwendungen f\u00fcr mobile Ger\u00e4te im \u00f6ffentlichen Sektor.<\/a><\/p><p>Diese Erkl\u00e4rung zur Barrierefreiheit gilt f\u00fcr die Website https:\/\/radiotaxicartagena.es:<\/p><h2 class=\"h2_title_underlined\">COMPLIANCE-SITUATION<\/h2><p>Diese Website entspricht teilweise den\u00a0<a class=\"ext\" href=\"https:\/\/www.boe.es\/diario_boe\/txt.php?id=BOE-A-2018-12699\" rel=\"noopener noreferrer\" data-extlink=\"\">RD 1112\/2018<\/a>\u00a0aufgrund der Ausnahmen und der mangelnden \u00dcbereinstimmung der im folgenden Punkt genannten Aspekte.<\/p><h2 class=\"h2_title_underlined\">INHALT NICHT ZUG\u00c4NGLICH<\/h2><p>Der unten gesammelte Inhalt ist aus folgenden Gr\u00fcnden nicht zug\u00e4nglich:<\/p><h3>MANGELNDE EINHALTUNG DER RD 1112\/2018<\/h3><p>Zur Formalisierung von Beschwerden und R\u00fcckfragen k\u00f6nnen \u00fcber das Kontaktformular vollst\u00e4ndig zug\u00e4ngliche Dokumente angefordert werden.<\/p><p>Auf einigen Webseiten k\u00f6nnen bestimmte Bearbeitungscodefehler auftreten. [4.1.1 Verarbeitung]<\/p><h3>Unverh\u00e4ltnism\u00e4\u00dfige Belastung<\/h3><p>Gilt nicht.<\/p><h3>DER INHALT F\u00c4LLT NICHT IN DEN ANWENDUNGSBEREICH DES ANWENDBAREN RECHTS<\/h3><p>Gilt nicht.<\/p><h2 class=\"h2_title_underlined\">VORBEREITUNG F\u00dcR DIE N\u00c4CHSTE ERKL\u00c4RUNG ZUR Barrierefreiheit<\/h2><p>Diese Erkl\u00e4rung wurde am 18. Januar 2023 erstellt.<\/p><p>Die zur Erstellung der Erkl\u00e4rung verwendete Methode war eine von Athos Trader SL durchgef\u00fchrte Selbstbewertung.<\/p><div class=\"mb-3 subtitle_3\">Beobachtungen und Kontaktinformationen<\/div><p>Sie k\u00f6nnen Mitteilungen \u00fcber Barrierefreiheitsanforderungen (Artikel 10.2.a von RD 1112\/2018) machen, wie zum Beispiel:<\/p><ul><li>Melden Sie jeden m\u00f6glichen Versto\u00df auf dieser Website<\/li><li>\u00dcbertragen Sie andere Schwierigkeiten beim Zugriff auf Inhalte<\/li><li>Stellen Sie weitere Fragen oder Verbesserungsvorschl\u00e4ge zur Barrierefreiheit der Website<\/li><\/ul><p>durch das\u00a0<a href=\"https:\/\/athosonline.com\/contacto\">Kontakt Formular<\/a>\u00a0des Digitalisierungsagenten.<\/p><p>Sie k\u00f6nnen Folgendes vorlegen:<\/p><ul><li>Beschwerde bez\u00fcglich der Einhaltung der Anforderungen von RD 1112\/2018 oder<\/li><li>Anfrage nach barrierefreien Informationen zu:<ul><li>Inhalte, die vom Anwendungsbereich der RD 1112\/2018 gem\u00e4\u00df Artikel 3, Abschnitt 4 ausgeschlossen sind<\/li><li>Inhalte, die von der Einhaltung der Barrierefreiheitsanforderungen ausgenommen sind, weil sie eine unverh\u00e4ltnism\u00e4\u00dfige Belastung darstellen<\/li><\/ul><\/li><\/ul><p>In der Anfrage nach zug\u00e4nglichen Informationen m\u00fcssen die Fakten, Gr\u00fcnde und die Anfrage klar angegeben werden, die es uns erm\u00f6glichen, zu \u00fcberpr\u00fcfen, ob es sich um eine angemessene und legitime Anfrage handelt.<\/p><p>Beschwerden und Anspr\u00fcche bez\u00fcglich zug\u00e4nglicher Informationen werden \u00fcber das oben genannte Formular eingereicht.\u00a0<\/p><h2 class=\"h2_title_underlined\">OPTIONALE INHALTE<\/h2><p>Dieses Portal ist so konzipiert, dass die Textgr\u00f6\u00dfe und -farbe sowie der Hintergrund der Seite mithilfe der Standardkonfigurationsoptionen des Browsers ge\u00e4ndert werden k\u00f6nnen.<\/p><p>Wenn Sie die Schriftgr\u00f6\u00dfe des Textes in den wichtigsten grafischen Browsern \u00e4ndern m\u00f6chten, verwenden Sie die folgenden Men\u00fcs:<\/p><ul><li>Internet Explorer, Mozilla und Firefox: Ansicht &gt; Textgr\u00f6\u00dfe<\/li><li>Opera: Ansicht &gt; Zoom<\/li><li>Safari: Ansicht &gt; Text vergr\u00f6\u00dfern<\/li><li>Chrome: Aktuelle Seite steuern &gt; Textgr\u00f6\u00dfe<\/li><li>So \u00e4ndern Sie die Gr\u00f6\u00dfe aller Elemente auf der Seite:<ul><li>Strg + +, um es zu erh\u00f6hen<\/li><li>Strg + \u2013 um es zu verringern<\/li><li>Strg + 0 stellt die urspr\u00fcngliche Textgr\u00f6\u00dfe wieder her<\/li><li>Wenn Sie das Stylesheet \u00fcberschreiben oder die Textfarbe \u00e4ndern m\u00f6chten, k\u00f6nnen Sie die Seite konsultieren\u00a0<span lang=\"en\">So \u00e4ndern Sie die WAI-Textgr\u00f6\u00dfe oder -Farben<\/span>, das ins Spanische \u00fcbersetzt unter Wie \u00e4ndere ich die Textgr\u00f6\u00dfe oder -farben? lesen kann.<\/li><\/ul><\/li><\/ul>\t\t\t\t\t\t\t\t<\/div>\n\t\t\t\t<\/div>\n\t\t\t\t\t<\/div>\n\t\t<\/div>\n\t\t\t\t\t<\/div>\n\t\t<\/section>\n\t\t\t\t<\/div>","protected":false},"excerpt":{"rendered":"<p>ZUG\u00c4NGLICHKEIT Red. ist eine \u00f6ffentliche Wirtschaftseinheit des Ministeriums f\u00fcr Wirtschaft und digitale Transformation, die dem Au\u00dfenminister unterstellt ist<\/p>","protected":false},"author":1,"featured_media":0,"parent":0,"menu_order":0,"comment_status":"closed","ping_status":"closed","template":"","meta":{"inline_featured_image":false,"footnotes":""},"class_list":["post-9508","page","type-page","status-publish","hentry"],"yoast_head":"<!-- This site is optimized with the Yoast SEO Premium plugin v21.6 (Yoast SEO v27.1.1) - https:\/\/yoast.com\/product\/yoast-seo-premium-wordpress\/ -->\n<title>Accesibilidad - Radio Taxi<\/title>\n<meta name=\"robots\" content=\"index, follow, max-snippet:-1, max-image-preview:large, max-video-preview:-1\" \/>\n<link rel=\"canonical\" href=\"https:\/\/radiotaxicartagena.es\/de\/barrierefreiheit-2\/\" \/>\n<meta property=\"og:locale\" content=\"de_DE\" \/>\n<meta property=\"og:type\" content=\"article\" \/>\n<meta property=\"og:title\" content=\"Accesibilidad\" \/>\n<meta property=\"og:description\" content=\"ACCESIBILIDAD Red.es entidad p\u00fablica empresarial del Ministerio de Asuntos Econ\u00f3micos y Transformaci\u00f3n Digital que depende de la Secretar\u00eda de Estado\" \/>\n<meta property=\"og:url\" content=\"https:\/\/radiotaxicartagena.es\/de\/barrierefreiheit-2\/\" \/>\n<meta property=\"og:site_name\" content=\"Radio Taxi\" \/>\n<meta property=\"article:modified_time\" content=\"2023-12-26T16:03:53+00:00\" \/>\n<meta name=\"twitter:card\" content=\"summary_large_image\" \/>\n<meta name=\"twitter:label1\" content=\"Gesch\u00e4tzte Lesezeit\" \/>\n\t<meta name=\"twitter:data1\" content=\"3\u00a0Minuten\" \/>\n<script type=\"application\/ld+json\" class=\"yoast-schema-graph\">{\"@context\":\"https:\/\/schema.org\",\"@graph\":[{\"@type\":\"WebPage\",\"@id\":\"https:\/\/radiotaxicartagena.es\/accesibilidad\/\",\"url\":\"https:\/\/radiotaxicartagena.es\/accesibilidad\/\",\"name\":\"Accesibilidad - Radio Taxi\",\"isPartOf\":{\"@id\":\"https:\/\/radiotaxicartagena.es\/#website\"},\"datePublished\":\"2023-12-26T16:01:57+00:00\",\"dateModified\":\"2023-12-26T16:03:53+00:00\",\"breadcrumb\":{\"@id\":\"https:\/\/radiotaxicartagena.es\/accesibilidad\/#breadcrumb\"},\"inLanguage\":\"de\",\"potentialAction\":[{\"@type\":\"ReadAction\",\"target\":[\"https:\/\/radiotaxicartagena.es\/accesibilidad\/\"]}]},{\"@type\":\"BreadcrumbList\",\"@id\":\"https:\/\/radiotaxicartagena.es\/accesibilidad\/#breadcrumb\",\"itemListElement\":[{\"@type\":\"ListItem\",\"position\":1,\"name\":\"Home\",\"item\":\"https:\/\/radiotaxicartagena.es\/\"},{\"@type\":\"ListItem\",\"position\":2,\"name\":\"Accesibilidad\"}]},{\"@type\":\"WebSite\",\"@id\":\"https:\/\/radiotaxicartagena.es\/#website\",\"url\":\"https:\/\/radiotaxicartagena.es\/\",\"name\":\"Radio Taxi\",\"description\":\"Taxi en Cartagena, La Manga, La Uni\u00f3n, Murcia\",\"potentialAction\":[{\"@type\":\"SearchAction\",\"target\":{\"@type\":\"EntryPoint\",\"urlTemplate\":\"https:\/\/radiotaxicartagena.es\/?s={search_term_string}\"},\"query-input\":{\"@type\":\"PropertyValueSpecification\",\"valueRequired\":true,\"valueName\":\"search_term_string\"}}],\"inLanguage\":\"de\"}]}<\/script>\n<!-- \/ Yoast SEO Premium plugin. -->","yoast_head_json":{"title":"Accesibilidad - Radio Taxi","robots":{"index":"index","follow":"follow","max-snippet":"max-snippet:-1","max-image-preview":"max-image-preview:large","max-video-preview":"max-video-preview:-1"},"canonical":"https:\/\/radiotaxicartagena.es\/de\/barrierefreiheit-2\/","og_locale":"de_DE","og_type":"article","og_title":"Accesibilidad","og_description":"ACCESIBILIDAD Red.es entidad p\u00fablica empresarial del Ministerio de Asuntos Econ\u00f3micos y Transformaci\u00f3n Digital que depende de la Secretar\u00eda de Estado","og_url":"https:\/\/radiotaxicartagena.es\/de\/barrierefreiheit-2\/","og_site_name":"Radio Taxi","article_modified_time":"2023-12-26T16:03:53+00:00","twitter_card":"summary_large_image","twitter_misc":{"Gesch\u00e4tzte Lesezeit":"3\u00a0Minuten"},"schema":{"@context":"https:\/\/schema.org","@graph":[{"@type":"WebPage","@id":"https:\/\/radiotaxicartagena.es\/accesibilidad\/","url":"https:\/\/radiotaxicartagena.es\/accesibilidad\/","name":"Accesibilidad - Radio Taxi","isPartOf":{"@id":"https:\/\/radiotaxicartagena.es\/#website"},"datePublished":"2023-12-26T16:01:57+00:00","dateModified":"2023-12-26T16:03:53+00:00","breadcrumb":{"@id":"https:\/\/radiotaxicartagena.es\/accesibilidad\/#breadcrumb"},"inLanguage":"de","potentialAction":[{"@type":"ReadAction","target":["https:\/\/radiotaxicartagena.es\/accesibilidad\/"]}]},{"@type":"BreadcrumbList","@id":"https:\/\/radiotaxicartagena.es\/accesibilidad\/#breadcrumb","itemListElement":[{"@type":"ListItem","position":1,"name":"Home","item":"https:\/\/radiotaxicartagena.es\/"},{"@type":"ListItem","position":2,"name":"Accesibilidad"}]},{"@type":"WebSite","@id":"https:\/\/radiotaxicartagena.es\/#website","url":"https:\/\/radiotaxicartagena.es\/","name":"Radio Taxi","description":"Taxi en Cartagena, La Manga, La Uni\u00f3n, Murcia","potentialAction":[{"@type":"SearchAction","target":{"@type":"EntryPoint","urlTemplate":"https:\/\/radiotaxicartagena.es\/?s={search_term_string}"},"query-input":{"@type":"PropertyValueSpecification","valueRequired":true,"valueName":"search_term_string"}}],"inLanguage":"de"}]}},"_links":{"self":[{"href":"https:\/\/radiotaxicartagena.es\/de\/wp-json\/wp\/v2\/pages\/9508","targetHints":{"allow":["GET"]}}],"collection":[{"href":"https:\/\/radiotaxicartagena.es\/de\/wp-json\/wp\/v2\/pages"}],"about":[{"href":"https:\/\/radiotaxicartagena.es\/de\/wp-json\/wp\/v2\/types\/page"}],"author":[{"embeddable":true,"href":"https:\/\/radiotaxicartagena.es\/de\/wp-json\/wp\/v2\/users\/1"}],"replies":[{"embeddable":true,"href":"https:\/\/radiotaxicartagena.es\/de\/wp-json\/wp\/v2\/comments?post=9508"}],"version-history":[{"count":4,"href":"https:\/\/radiotaxicartagena.es\/de\/wp-json\/wp\/v2\/pages\/9508\/revisions"}],"predecessor-version":[{"id":9512,"href":"https:\/\/radiotaxicartagena.es\/de\/wp-json\/wp\/v2\/pages\/9508\/revisions\/9512"}],"wp:attachment":[{"href":"https:\/\/radiotaxicartagena.es\/de\/wp-json\/wp\/v2\/media?parent=9508"}],"curies":[{"name":"wp","href":"https:\/\/api.w.org\/{rel}","templated":true}]}}

<div data-elementor-type="wp-page" data-elementor-id="9508" class="elementor elementor-9508" data-elementor-post-type="page">
						<section class="wd-negative-gap elementor-section elementor-top-section elementor-element elementor-element-741b270 wd-section-stretch elementor-section-boxed elementor-section-height-default elementor-section-height-default" data-id="741b270" data-element_type="section" data-e-type="section">
						<div class="elementor-container elementor-column-gap-default">
					<div class="elementor-column elementor-col-100 elementor-top-column elementor-element elementor-element-f0a2ffd" data-id="f0a2ffd" data-element_type="column" data-e-type="column">
			<div class="elementor-widget-wrap elementor-element-populated">
						<div class="elementor-element elementor-element-eb94436 color-scheme-inherit text-left elementor-widget elementor-widget-text-editor" data-id="eb94436" data-element_type="widget" data-e-type="widget" data-widget_type="text-editor.default">
				<div class="elementor-widget-container">
									<h1 class="h1_title_underlined">BARRIEREFREIHEIT</h1><p>Red. ist eine öffentliche Wirtschaftseinheit des Ministeriums für Wirtschaft und digitale Transformation, die dem Staatssekretär für Digitalisierung und künstliche Intelligenz untersteht, und hat sich verpflichtet, ihre Website gemäß den Bestimmungen zugänglich zu machen <a class="ext" href="https://www.boe.es/diario_boe/txt.php?id=BOE-A-2018-12699" rel="noopener noreferrer" data-extlink="">Königlicher Erlass 1112/2018 vom 7. September über die Zugänglichkeit von Websites und Anwendungen für mobile Geräte im öffentlichen Sektor.</a></p><p>Diese Erklärung zur Barrierefreiheit gilt für die Website https://radiotaxicartagena.es:</p><h2 class="h2_title_underlined">COMPLIANCE-SITUATION</h2><p>Diese Website entspricht teilweise den <a class="ext" href="https://www.boe.es/diario_boe/txt.php?id=BOE-A-2018-12699" rel="noopener noreferrer" data-extlink="">RD 1112/2018</a> aufgrund der Ausnahmen und der mangelnden Übereinstimmung der im folgenden Punkt genannten Aspekte.</p><h2 class="h2_title_underlined">INHALT NICHT ZUGÄNGLICH</h2><p>Der unten gesammelte Inhalt ist aus folgenden Gründen nicht zugänglich:</p><h3>MANGELNDE EINHALTUNG DER RD 1112/2018</h3><p>Zur Formalisierung von Beschwerden und Rückfragen können über das Kontaktformular vollständig zugängliche Dokumente angefordert werden.</p><p>Auf einigen Webseiten können bestimmte Bearbeitungscodefehler auftreten. [4.1.1 Verarbeitung]</p><h3>Unverhältnismäßige Belastung</h3><p>Gilt nicht.</p><h3>DER INHALT FÄLLT NICHT IN DEN ANWENDUNGSBEREICH DES ANWENDBAREN RECHTS</h3><p>Gilt nicht.</p><h2 class="h2_title_underlined">VORBEREITUNG FÜR DIE NÄCHSTE ERKLÄRUNG ZUR Barrierefreiheit</h2><p>Diese Erklärung wurde am 18. Januar 2023 erstellt.</p><p>Die zur Erstellung der Erklärung verwendete Methode war eine von Athos Trader SL durchgeführte Selbstbewertung.</p><div class="mb-3 subtitle_3">Beobachtungen und Kontaktinformationen</div><p>Sie können Mitteilungen über Barrierefreiheitsanforderungen (Artikel 10.2.a von RD 1112/2018) machen, wie zum Beispiel:</p><ul><li>Melden Sie jeden möglichen Verstoß auf dieser Website</li><li>Übertragen Sie andere Schwierigkeiten beim Zugriff auf Inhalte</li><li>Stellen Sie weitere Fragen oder Verbesserungsvorschläge zur Barrierefreiheit der Website</li></ul><p>durch das <a href="https://athosonline.com/contacto">Kontakt Formular</a> des Digitalisierungsagenten.</p><p>Sie können Folgendes vorlegen:</p><ul><li>Beschwerde bezüglich der Einhaltung der Anforderungen von RD 1112/2018 oder</li><li>Anfrage nach barrierefreien Informationen zu:<ul><li>Inhalte, die vom Anwendungsbereich der RD 1112/2018 gemäß Artikel 3, Abschnitt 4 ausgeschlossen sind</li><li>Inhalte, die von der Einhaltung der Barrierefreiheitsanforderungen ausgenommen sind, weil sie eine unverhältnismäßige Belastung darstellen</li></ul></li></ul><p>In der Anfrage nach zugänglichen Informationen müssen die Fakten, Gründe und die Anfrage klar angegeben werden, die es uns ermöglichen, zu überprüfen, ob es sich um eine angemessene und legitime Anfrage handelt.</p><p>Beschwerden und Ansprüche bezüglich zugänglicher Informationen werden über das oben genannte Formular eingereicht. </p><h2 class="h2_title_underlined">OPTIONALE INHALTE</h2><p>Dieses Portal ist so konzipiert, dass die Textgröße und -farbe sowie der Hintergrund der Seite mithilfe der Standardkonfigurationsoptionen des Browsers geändert werden können.</p><p>Wenn Sie die Schriftgröße des Textes in den wichtigsten grafischen Browsern ändern möchten, verwenden Sie die folgenden Menüs:</p><ul><li>Internet Explorer, Mozilla und Firefox: Ansicht &gt; Textgröße</li><li>Opera: Ansicht &gt; Zoom</li><li>Safari: Ansicht &gt; Text vergrößern</li><li>Chrome: Aktuelle Seite steuern &gt; Textgröße</li><li>So ändern Sie die Größe aller Elemente auf der Seite:<ul><li>Strg + +, um es zu erhöhen</li><li>Strg + – um es zu verringern</li><li>Strg + 0 stellt die ursprüngliche Textgröße wieder her</li><li>Wenn Sie das Stylesheet überschreiben oder die Textfarbe ändern möchten, können Sie die Seite konsultieren <span lang="en">So ändern Sie die WAI-Textgröße oder -Farben</span>, das ins Spanische übersetzt unter Wie ändere ich die Textgröße oder -farben? lesen kann.</li></ul></li></ul>								</div>
				</div>
					</div>
		</div>
					</div>
		</section>
				</div>

<p>ZUGÄNGLICHKEIT Red. ist eine öffentliche Wirtschaftseinheit des Ministeriums für Wirtschaft und digitale Transformation, die dem Außenminister unterstellt ist</p>

<!-- This site is optimized with the Yoast SEO Premium plugin v21.6 (Yoast SEO v27.1.1) - https://yoast.com/product/yoast-seo-premium-wordpress/ -->
<title>Accesibilidad - Radio Taxi</title>
<meta name="robots" content="index, follow, max-snippet:-1, max-image-preview:large, max-video-preview:-1" />
<link rel="canonical" href="https://radiotaxicartagena.es/de/barrierefreiheit-2/" />
<meta property="og:locale" content="de_DE" />
<meta property="og:type" content="article" />
<meta property="og:title" content="Accesibilidad" />
<meta property="og:description" content="ACCESIBILIDAD Red.es entidad pública empresarial del Ministerio de Asuntos Económicos y Transformación Digital que depende de la Secretaría de Estado" />
<meta property="og:url" content="https://radiotaxicartagena.es/de/barrierefreiheit-2/" />
<meta property="og:site_name" content="Radio Taxi" />
<meta property="article:modified_time" content="2023-12-26T16:03:53+00:00" />
<meta name="twitter:card" content="summary_large_image" />
<meta name="twitter:label1" content="Geschätzte Lesezeit" />
	<meta name="twitter:data1" content="3 Minuten" />
<script type="application/ld+json" class="yoast-schema-graph">{"@context":"https://schema.org","@graph":[{"@type":"WebPage","@id":"https://radiotaxicartagena.es/accesibilidad/","url":"https://radiotaxicartagena.es/accesibilidad/","name":"Accesibilidad - Radio Taxi","isPartOf":{"@id":"https://radiotaxicartagena.es/#website"},"datePublished":"2023-12-26T16:01:57+00:00","dateModified":"2023-12-26T16:03:53+00:00","breadcrumb":{"@id":"https://radiotaxicartagena.es/accesibilidad/#breadcrumb"},"inLanguage":"de","potentialAction":[{"@type":"ReadAction","target":["https://radiotaxicartagena.es/accesibilidad/"]}]},{"@type":"BreadcrumbList","@id":"https://radiotaxicartagena.es/accesibilidad/#breadcrumb","itemListElement":[{"@type":"ListItem","position":1,"name":"Home","item":"https://radiotaxicartagena.es/"},{"@type":"ListItem","position":2,"name":"Accesibilidad"}]},{"@type":"WebSite","@id":"https://radiotaxicartagena.es/#website","url":"https://radiotaxicartagena.es/","name":"Radio Taxi","description":"Taxi en Cartagena, La Manga, La Unión, Murcia","potentialAction":[{"@type":"SearchAction","target":{"@type":"EntryPoint","urlTemplate":"https://radiotaxicartagena.es/?s={search_term_string}"},"query-input":{"@type":"PropertyValueSpecification","valueRequired":true,"valueName":"search_term_string"}}],"inLanguage":"de"}]}</script>
<!-- / Yoast SEO Premium plugin. -->

ACCESIBILIDAD Red.es entidad pública empresarial del Ministerio de Asuntos Económicos y Transformación Digital que depende de la Secretaría de Estado

Taxi en Cartagena, La Manga, La Unión, Murcia
